4
Let n(r) = -856*r - 3972. Give n(-6).
1164
Let h(q) = -q**3 + 10*q**2 + 609*q - 491. Calculate h(29).
1191
Let n(f) = 18*f**2 + 3039*f - 9686. What is n(-172)?
118
Let c(t) = -2434*t + 12501. Determine c(5).
331
Let i(r) = 5*r**2 - 181*r - 116. Give i(14).
-1670
Let l(j) = -j**2 + 1163*j + 18829. What is l(-16)?
-35
Let h(g) = 44*g + 6069. Give h(-140).
-91
Let s(x) = 2*x**2 - 3476*x - 13906. Calculate s(-4).
30
Let y(b) = 53*b**2 + 579*b + 1736. Calculate y(-3).
476
Let x(p) = -148*p**2 - 209*p - 6. Calculate x(3).
-1965
Let u(r) = r**3 - 28*r**2 + 3385*r - 90670. What is u(27)?
-4
Let t(z) = 47*z + 2891. Calculate t(-61).
24
Let b(c) = -13*c - 2192. What is b(-243)?
967
Let d(y) = 684*y - 62359. Determine d(94).
1937
Let v(b) = -3*b**3 + 32*b**2 + 198*b - 808. Give v(14).
4
Let j(m) = 89044*m - 534223. What is j(6)?
41
Let o(b) = -9*b**2 - 140*b - 125. Determine o(-2).
119
Let h(p) = 117*p + 2353. Give h(-26).
-689
Let b(a) = 2*a**2 - 1564*a + 147863. Calculate b(672).
23
Let h(w) = w**3 + 65*w**2 + 231*w - 10091. Determine h(-58).
59
Let d(m) = 31572*m + 978724. What is d(-31)?
-8
Let g(i) = 19*i**3 + 6148*i - 6149. Determine g(1).
18
Let c(p) = -5506*p + 192724. What is c(35)?
14
Let h(p) = 46941*p - 3191998. Determine h(68).
-10
Let x(g) = 65382*g + 784631. Give x(-12).
47
Let h(y) = 3*y**2 + 850*y - 25140. Calculate h(27).
-3
Let g(w) = -150*w**2 - 11693*w + 536. What is g(-78)?
-10
Let t(g) = -107*g**3 + 7*g**2 + 41*g + 38. Calculate t(-2).
840
Let c(s) = -s**2 - 105*s - 2039. Calculate c(-41).
585
Let l(r) = 6*r**3 - 1366*r**2 - 2733*r - 19. Give l(-2).
-65
Let l(b) = -b**2 + 599*b - 22370. What is l(40)?
-10
Let u(h) = 2*h**2 - 79*h - 4049. Calculate u(70).
221
Let v(x) = x**2 + 22272*x + 378297. Determine v(-17).
-38
Let y(o) = -5*o**2 + 1093*o - 7662. Determine y(7).
-256
Let d(v) = -44*v**2 - 5371*v - 398. Calculate d(-122).
-32
Let b(q) = 90624*q + 6071815. Determine b(-67).
7
Let i(z) = -7*z**2 + 105281*z + 105282. Determine i(-1).
-6
Let v(x) = -798*x - 57169. What is v(-71)?
-511
Let k(g) = -g**3 + 148*g**2 + 4024*g - 558594. Calculate k(150).
6
Let t(s) = -30*s**2 - 1556*s + 16724. Give t(-61).
10
Let j(s) = -9*s**2 - 40*s + 1358. Calculate j(10).
58
Let p(i) = 4*i**3 - 65*i**2 + 278*i + 17. Calculate p(9).
170
Let k(o) = o**3 - 135*o**2 + 406*o + 72. What is k(132)?
1392
Let z(u) = 2*u**2 - 221*u + 3709. Give z(16).
685
Let d(p) = p**3 + 9*p**2 - 45*p - 440. What is d(-8)?
-16
Let u(d) = 406*d**2 - 59680*d - 112. Determine u(147).
182
Let g(z) = 5795*z + 40412. Calculate g(-7).
-153
Let m(w) = w**3 + 52*w**2 + 50*w + 10630. Give m(-56).
-4714
Let y(v) = 2170*v - 35384. Give y(15).
-2834
Let g(x) = -1073*x + 5417. Determine g(5).
52
Let t(d) = -d**2 - 526*d + 16389. Give t(29).
294
Let p(s) = 373*s - 22754. Calculate p(61).
-1
Let v(p) = 190*p**3 + 203*p**2 + 191*p + 11. What is v(-1)?
-167
Let j(n) = 84958*n - 169771. Determine j(2).
145
Let b(j) = 33367*j + 6106178. Determine b(-183).
17
Let m(b) = -26*b**3 - 198*b**2 + 336*b - 137. What is m(1)?
-25
Let m(d) = 702*d + 829. Calculate m(-1).
127
Let h(m) = -881*m + 6068. Calculate h(8).
-980
Let w(c) = 15462*c + 247350. Determine w(-16).
-42
Let d(x) = 335*x + 1007. What is d(-4)?
-333
Let q(d) = 81*d + 7139. Calculate q(-90).
-151
Let q(w) = -4*w**3 + 44*w**2 - 71*w + 37. What is q(11)?
-744
Let a(t) = -439*t + 315636. What is a(719)?
-5
Let o(k) = 2*k**3 - 19*k**2 + 11*k - 50. Determine o(4).
-182
Let u(q) = 23990*q + 119931. Give u(-5).
-19
Let s(x) = -8*x - 4073. Calculate s(47).
-4449
Let a(g) = -66*g**3 - 3103*g**2 + 3115*g - 14. What is a(1)?
-68
Let z(w) = w**2 - 19762*w - 316436. What is z(-16)?
12
Let l(d) = -d**3 - 34*d**2 - 79*d + 35. Give l(-3).
-7
Let g(f) = 4*f**3 - 11*f**2 + 225*f + 1940. Determine g(-8).
-2612
Let h(u) = u**3 + 28*u**2 + 48*u + 287. Give h(-13).
2198
Let s(l) = 9019*l - 532125. What is s(59)?
-4
Let f(r) = 3*r**2 - 333*r - 16913. Determine f(-47).
5365
Let m(j) = 2123*j + 10119. Give m(-4).
1627
Let m(r) = 2*r**2 + 41172*r - 576844. Calculate m(14).
-44
Let a(y) = -7*y**2 - 778*y - 21409. Determine a(-61).
2
Let m(z) = z**3 - 83*z**2 + 548*z + 772. Give m(75).
-3128
Let k(p) = -1007*p - 319368. What is k(-317)?
-149
Let b(f) = -4596*f + 28132. Calculate b(6).
556
Let i(o) = -o**3 + 5*o**2 - 290*o - 1148. Give i(-4).
156
Let g(t) = -t**2 - 10228*t + 2931462. Calculate g(279).
9
Let k(w) = -299*w - 10091. Give k(-34).
75
Let w(t) = 3*t**3 - 1129*t**2 - 1846*t - 16599. Give w(378).
33
Let c(x) = -2*x**3 + 152*x**2 - 115*x - 2586. Give c(75).
39
Let t(g) = -5*g**2 - 7668*g - 53618. Determine t(-7).
-187
Let y(q) = -3534*q + 275670. Calculate y(78).
18
Let s(m) = -13*m**2 + 8*m - 3. What is s(1)?
-8
Let t(g) = -21*g**3 - 841*g**2 - 38*g + 776. What is t(-40)?
696
Let o(h) = 2*h**3 - 228*h**2 - 223*h - 838. Calculate o(115).
-33
Let u(o) = -55*o**2 + 6116*o - 1254. What is u(111)?
-33
Let x(k) = k**3 + 4*k**2 - 10*k + 75. Give x(8).
763
Let b(j) = 6794*j + 101894. Give b(-15).
-16
Let l(z) = z**3 - 2*z**2 + 6*z + 53. Determine l(7).
340
Let j(r) = -r**2 - 2444*r - 103240. Determine j(-43).
3
Let t(d) = -119*d**2 - 10832*d - 295. Calculate t(-91).
-22
Let k(o) = -879*o - 7515. What is k(-9)?
396
Let d(c) = c**3 + 35*c**2 - 2524*c + 2508. Give d(-71).
236
Let q(y) = y**3 - 49*y**2 - 101*y + 3. Give q(52).
2863
Let q(g) = 38*g**2 + 1742*g + 1402. What is q(-45)?
-38
Let z(j) = -78*j**2 + 1234*j - 843. Give z(15).
117
Let s(u) = -u**2 + 1680*u - 78331. Give s(48).
5
Let f(j) = 2663*j + 897. Calculate f(-1).
-1766
Let w(a) = 3*a**3 - 18*a**2 + 120*a - 413. Determine w(5).
112
Let h(o) = 9*o**2 - 234*o + 5754. Give h(24).
5322
Let q(m) = 126*m + 16890. What is q(-123)?
1392
Let k(l) = l**3 + 106*l**2 - 562*l - 12526. Determine k(-110).
894
Let h(b) = 3557*b + 24996. Calculate h(-7).
97
Let z(a) = a**3 + 780*a**2 + 112099*a - 595. Give z(-590).
-5
Let l(n) = -30*n**2 + 7377*n - 14638. What is l(2)?
-4
Let h(m) = -5447*m - 24952. Determine h(-4).
-3164
Let l(d) = 75*d**2 + 8*d + 8. Give l(2).
324
Let m(y) = y**2 - 3370*y - 605514. What is m(-171)?
-3
Let z(f) = 385*f**2 + 1124*f - 6. Calculate z(-3).
87
Let w(s) = -627*s + 9923. What is w(16)?
-109
Let x(n) = 5*n**2 + 4697*n + 32629. Determine x(-7).
-5
Let j(a) = -59820*a - 113777636. What is j(-1902)?
4
Let r(w) = w**2 + 1313*w + 122350. Determine r(-1212).
-62
Let y(l) = 761*l + 63248. Calculate y(-83).
85
Let g(c) = -46*c - 3720. Determine g(-85).
190
Let l(i) = 67*i - 18180. Give l(249).
-1497
Let s(a) = 38*a**3 - 4*a**2 - 12*a - 136. Give s(-6).
-8416
Let r(o) = 392990*o - 1178848. Calculate r(3).
122
Let t(i) = -3*i**2 - 2740*i + 533780. Calculate t(165).
5
Let y(r) = -r**3 + 85*r**2 - 30*r + 2570. What is y(85)?
20
Let u(z) = -1512*z + 26297. Give u(17).
593
Let t(l) = 25419*l - 2491064. Determine t(98).
-2
Let k(r) = -3*r**3 + 69*r**2 + 332*r + 196. What is k(27)?
412
Let a(b) = -5*b**2 - 1217*b - 27583. Give a(-218).
103
Let l(a) = -69*a**2 + 1456*a + 28. What is l(22)?
-1336
Let y(h) = 5*h**2 + 1913*h + 5701. What is y(-3)?
7
Let b(d) = -d**3 + 483*d**2 + 4816*d - 679135. What is b(490)?
5
Let h(p) = p**2 + 558*p + 43523. Determine h(-93).
278
Let w(l) = 15*l**2 + 334*l - 65. Give w(-21).
-464
Let c(g) = g**2 + 290*g - 17849. What is c(-342)?
-65
Let i(r) = 175*r + 5333. Determine i(-47).
-2892
Let t(k) = 15*k - 880. Give t(58).
-10
Let s(k) = 34*k**2 + 6082*k - 687. Give s(-179).
29
Let g(y) = -y**3 - 27*y**2 - 175*y + 79. Calculate g(-13).
-12
Let c(t) = -692*t + 3484. What is c(5)?
24
Let t(u) = u**2 - 20*u - 484. What is t(37)?
145
Let u(f) = -3*f**2 - 738*f - 38761. Determine u(-76).
-1
Let c(i) = -1300*i + 156037. Determine c(120).
37
Let o(q) = -5*q**3 + 25*q**2 + 33*q + 40. Determine o(6).
58
Let r(d) = 6*d**3 - 18*d**2 + 16*d - 59. What is r(5)?
321
Let l(g) = 6677*g + 253761. What is l(-38)?
35
Let r(t) = 6*t**2 + 52*t - 69. What is r(-10)?
11
Let d(p) = -29296*p + 28900. Give d(1).
-396
Let u(f) = -2*f**3 - 131*f**2 - 47*f + 812. Calculate u(-65).
-358
Let f(a) = 6*a**2 + 5168*a + 27378. Give f(-856).
-14
Let y(c) = -508*c + 29850. Calculate y(59).
-122
Let y(t) = 3*t**3 + 1757*t**2 - 3790*t + 191698. What is y(-588)?
10
Let g(n) = n**2 + 46*n + 51. Determine g(-64).
1203
Let w